 of 168 and 48.
24
Calculate the highest common divisor of 468 and 99.
9
What is the highest common factor of 180 and 22740?
60
What is the greatest common factor of 6905 and 10?
5
What is the highest common factor of 252 and 1116?
36
What is the greatest common divisor of 28 and 232?
4
What is the greatest common divisor of 3552 and 9324?
444
What is the highest common factor of 128 and 16?
16
Calculate the greatest common factor of 172 and 11438.
86
Calculate the highest common divisor of 117 and 1989.
117
Calculate the highest common divisor of 24497 and 187.
187
What is the greatest common divisor of 473 and 176?
11
Calculate the greatest common factor of 99 and 189.
9
Calculate the greatest common divisor of 12 and 948.
12
What is the highest common factor of 11858 and 726?
242
What is the greatest common divisor of 182 and 442?
26
What is the highest common factor of 27 and 1251?
9
What is the highest common divisor of 11 and 473?
11
What is the greatest common factor of 7 and 8?
1
Calculate the highest common divisor of 2 and 22.
2
What is the greatest common divisor of 1230 and 150?
30
Calculate the greatest common factor of 7340 and 20.
20
Calculate the greatest common divisor of 168 and 108.
12
Calculate the highest common factor of 532 and 49.
7
Calculate the highest common factor of 1428 and 1764.
84
Calculate the highest common factor of 187 and 495.
11
What is the highest common divisor of 27 and 675?
27
Calculate the greatest common divisor of 135 and 621.
27
Calculate the highest common factor of 187 and 22.
11
Calculate the highest common divisor of 12 and 184.
4
Calculate the greatest common divisor of 682 and 62.
62
What is the highest common factor of 220 and 484?
44
What is the highest common factor of 19 and 9671?
19
What is the greatest common factor of 380 and 17860?
380
Calculate the greatest common factor of 90 and 745.
5
What is the highest common divisor of 3 and 213?
3
What is the greatest common factor of 136 and 3094?
34
What is the highest common divisor of 133 and 21?
7
Calculate the greatest common divisor of 323 and 34.
17
Calculate the highest common divisor of 70 and 112.
14
What is the highest common factor of 378 and 14?
14
Calculate the highest common factor of 116 and 2552.
116
What is the highest common divisor of 28 and 112?
28
What is the greatest common divisor of 21583 and 382?
191
Calculate the greatest common factor of 10 and 14830.
10
Calculate the highest common factor of 13 and 107159.
13
Calculate the greatest common factor of 9204 and 156.
156
What is the greatest common factor of 98 and 210?
14
What is the highest common divisor of 826 and 1062?
118
What is the highest common divisor of 64 and 112?
16
What is the highest common factor of 48 and 1704?
24
Calculate the highest common divisor of 5394 and 124.
62
What is the highest common factor of 17 and 2227?
17
What is the highest common factor of 10 and 290?
10
Calculate the greatest common factor of 12 and 636.
12
What is the highest common divisor of 185 and 37?
37
Calculate the greatest common divisor of 5494 and 268.
134
Calculate the greatest common factor of 17 and 37757.
17
What is the highest common factor of 1165 and 5?
5
What is the greatest common divisor of 22 and 54?
2
Calculate the greatest common divisor of 245 and 385.
35
Calculate the highest common divisor of 60 and 5070.
30
What is the greatest common factor of 44 and 308?
44
What is the greatest common divisor of 642 and 30?
6
Calculate the highest common divisor of 53 and 212.
53
Calculate the greatest common factor of 1665 and 63.
9
Calculate the greatest common divisor of 368 and 322.
46
What is the highest common divisor of 2325 and 186?
93
What is the greatest common factor of 2059 and 568?
71
Calculate the highest common factor of 154 and 140.
14
Calculate the highest common divisor of 1118 and 78.
26
What is the highest common factor of 68 and 20434?
34
What is the greatest common factor of 10 and 19210?
10
What is the greatest common factor of 100 and 64?
4
Calculate the greatest common factor of 108 and 432.
108
What is the highest common divisor of 1095 and 15?
15
Calculate the highest common divisor of 105 and 30.
15
Calculate the highest common divisor of 324 and 4.
4
What is the greatest common factor of 726 and 462?
66
What is the highest common factor of 735 and 70?
35
What is the highest common divisor of 20 and 54?
2
What is the greatest common factor of 1135 and 20?
5
What is the highest common factor of 21 and 174?
3
What is the highest common divisor of 20 and 680?
20
Calculate the highest common divisor of 29136 and 36.
12
What is the highest common divisor of 49 and 28?
7
Calculate the greatest common factor of 923 and 1937.
13
Calculate the greatest common factor of 2342 and 6.
2
Calculate the highest common divisor of 16 and 36.
4
Calculate the highest common divisor of 67 and 2.
1
Calculate the highest common factor of 45 and 153.
9
What is the greatest common factor of 70 and 50?
10
Calculate the highest common factor of 621 and 759.
69
What is the greatest common factor of 96 and 2592?
96
Calculate the greatest common divisor of 144 and 72.
72
Calculate the highest common divisor of 402 and 12.
6
What is the highest common factor of 11663 and 763?
109
What is the highest common factor of 2 and 4?
2
What is the greatest common factor of 120 and 25720?
40
Calculate the greatest common divisor of 186 and 14.
2
Calculate the highest common divisor of 51 and 119.
17
What is the greatest common factor of 114 and 494?
38
What is the highest common factor of 2444 and 564?
188
What is the greatest common divisor of 885 and 60?
15
Calculate the greatest common factor of 616 and 33.
11
Calculate the greatest common divisor of 1838 and 4.
2
What is the greatest common divisor of 107 and 146269?
107
What is the greatest common factor of 84949 and 19?
19
Calculate the greatest common divisor of 31 and 837.
31
Calculate the highest common factor of 1311 and 138.
69
Calculate the highest common factor of 10 and 450.
10
What is the highest common divisor of 30 and 13060?
10
What is the highest common divisor of 20 and 52?
4
Calculate the greatest common divisor of 36 and 207.
9
Calculate the greatest common divisor of 225 and 25.
25
Calculate the highest common factor of 34 and 221.
17
Calculate the greatest common divisor of 203 and 493.
29
Calculate the highest common divisor of 19 and 2185.
19
What is the highest common factor of 20 and 820?
20
Calculate the greatest common factor of 2955 and 30.
15
What is the greatest common factor of 15 and 2630?
5
Calculate the greatest common divisor of 80 and 880.
80
What is the highest common factor of 558 and 36?
18
What is the highest common factor of 11704 and 112?
56
Calculate the highest common factor of 144 and 192.
48
What is the greatest common divisor of 570 and 690?
30
Calculate the highest common divisor of 90 and 4770.
90
Calculate the greatest common factor of 32 and 264.
8
What is the greatest common divisor of 69 and 92?
23
Calculate the highest common factor of 40975 and 275.
275
Calculate the highest common factor of 496 and 1116.
124
Calculate the greatest common divisor of 1406 and 2280.
38
Calculate the greatest common factor of 2912 and 65.
13
Calculate the greatest common factor of 280 and 180.
20
Calculate the highest common divisor of 27 and 4572.
9
What is the highest common divisor of 144 and 828?
36
Calculate the greatest common factor of 3887 and 2392.
299
Calculate the greatest common divisor of 2368 and 64.
64
Calculate the greatest common divisor of 2619 and 27.
27
Calculate the highest common divisor of 15 and 57.
3
What is the greatest common factor of 348 and 12?
12
What is the highest common factor of 285 and 1900?
95
Calculate the greatest common factor of 49 and 3283.
49
Calculate the highest common factor of 86 and 129.
43
Calculate the highest common divisor of 220 and 22.
22
Calculate the greatest common divisor of 7 and 175.
7
What is the highest common factor of 18 and 270?
18
Calculate the greatest common divisor of 21 and 5901.
21
Calculate the greatest common divisor of 4 and 5636.
4
What is the highest common divisor of 1 and 3?
1
Calculate the greatest common diviso